{"id":1165,"date":"2024-12-02T19:17:39","date_gmt":"2024-12-02T19:17:39","guid":{"rendered":"https:\/\/grupodojoelho.com.br\/joca2025\/?page_id=1165"},"modified":"2025-04-04T13:28:00","modified_gmt":"2025-04-04T13:28:00","slug":"curso-de-reabilitacao-do-joelho","status":"publish","type":"page","link":"https:\/\/grupodojoelho.com.br\/joca2025\/curso-de-reabilitacao-do-joelho\/","title":{"rendered":"CURSO DE REABILITA\u00c7\u00c3O DO JOELHO"},"content":{"rendered":"\t\t<div data-elementor-type=\"wp-page\" data-elementor-id=\"1165\" class=\"elementor elementor-1165\" data-elementor-post-type=\"page\">\n\t\t\t\t\t\t<section class=\"elementor-section elementor-top-section elementor-element elementor-element-f7b8033 elementor-section-full_width elementor-section-stretched elementor-section-height-default elementor-section-height-default\" data-id=\"f7b8033\" data-element_type=\"section\" data-e-type=\"section\" data-settings=\"{&quot;stretch_section&quot;:&quot;section-stretched&quot;,&quot;background_background&quot;:&quot;classic&quot;}\">\n\t\t\t\t\t\t<div class=\"elementor-container elementor-column-gap-default\">\n\t\t\t\t\t<div class=\"elementor-column elementor-col-100 elementor-top-column elementor-element elementor-element-0b1a670\" data-id=\"0b1a670\" data-element_type=\"column\" data-e-type=\"column\">\n\t\t\t<div class=\"elementor-widget-wrap elementor-element-populated\">\n\t\t\t\t\t\t<div class=\"elementor-element elementor-element-ad2d261 elementor-widget elementor-widget-image\" data-id=\"ad2d261\" data-element_type=\"widget\" data-e-type=\"widget\" data-widget_type=\"image.default\">\n\t\t\t\t<div class=\"elementor-widget-container\">\n\t\t\t\t\t\t\t\t\t\t\t\t\t\t\t<img fetchpriority=\"high\" decoding=\"async\" width=\"955\" height=\"490\" src=\"https:\/\/grupodojoelho.com.br\/joca2025\/wp-content\/uploads\/2024\/12\/logo-5curso-joelho-transp.webp\" class=\"attachment-large size-large wp-image-1401\" alt=\"\" srcset=\"https:\/\/grupodojoelho.com.br\/joca2025\/wp-content\/uploads\/2024\/12\/logo-5curso-joelho-transp.webp 955w, https:\/\/grupodojoelho.com.br\/joca2025\/wp-content\/uploads\/2024\/12\/logo-5curso-joelho-transp-300x154.webp 300w, https:\/\/grupodojoelho.com.br\/joca2025\/wp-content\/uploads\/2024\/12\/logo-5curso-joelho-transp-768x394.webp 768w\" sizes=\"(max-width: 955px) 100vw, 955px\" \/>\t\t\t\t\t\t\t\t\t\t\t\t\t\t\t<\/div>\n\t\t\t\t<\/div>\n\t\t\t\t\t<\/div>\n\t\t<\/div>\n\t\t\t\t\t<\/div>\n\t\t<\/section>\n\t\t\t\t<section class=\"elementor-section elementor-top-section elementor-element elementor-element-debe7b4 elementor-section-boxed elementor-section-height-default elementor-section-height-default\" data-id=\"debe7b4\" data-element_type=\"section\" data-e-type=\"section\" data-settings=\"{&quot;background_background&quot;:&quot;classic&quot;}\">\n\t\t\t\t\t\t<div class=\"elementor-container elementor-column-gap-default\">\n\t\t\t\t\t<div class=\"elementor-column elementor-col-100 elementor-top-column elementor-element elementor-element-d328376\" data-id=\"d328376\" data-element_type=\"column\" data-e-type=\"column\">\n\t\t\t<div class=\"elementor-widget-wrap elementor-element-populated\">\n\t\t\t\t\t\t<div class=\"elementor-element elementor-element-ef5be46 elementor-widget elementor-widget-heading\" data-id=\"ef5be46\" data-element_type=\"widget\" data-e-type=\"widget\" data-widget_type=\"heading.default\">\n\t\t\t\t<div class=\"elementor-widget-container\">\n\t\t\t\t\t<h1 class=\"elementor-heading-title elementor-size-default\">Programa\u00e7\u00e3o Cient\u00edfica<\/h1>\t\t\t\t<\/div>\n\t\t\t\t<\/div>\n\t\t\t\t\t<\/div>\n\t\t<\/div>\n\t\t\t\t\t<\/div>\n\t\t<\/section>\n\t\t\t\t<section class=\"elementor-section elementor-top-section elementor-element elementor-element-59ea6eb elementor-section-boxed elementor-section-height-default elementor-section-height-default\" data-id=\"59ea6eb\" data-element_type=\"section\" data-e-type=\"section\" data-settings=\"{&quot;background_background&quot;:&quot;classic&quot;}\">\n\t\t\t\t\t\t<div class=\"elementor-container elementor-column-gap-default\">\n\t\t\t\t\t<div class=\"elementor-column elementor-col-50 elementor-top-column elementor-element elementor-element-561f75f\" data-id=\"561f75f\" data-element_type=\"column\" data-e-type=\"column\" data-settings=\"{&quot;background_background&quot;:&quot;classic&quot;}\">\n\t\t\t<div class=\"elementor-widget-wrap elementor-element-populated\">\n\t\t\t\t\t\t<div class=\"elementor-element elementor-element-109f124 elementor-widget elementor-widget-image\" data-id=\"109f124\" data-element_type=\"widget\" data-e-type=\"widget\" data-widget_type=\"image.default\">\n\t\t\t\t<div class=\"elementor-widget-container\">\n\t\t\t\t\t\t\t\t\t\t\t\t\t\t\t<img decoding=\"async\" width=\"1080\" height=\"1920\" src=\"https:\/\/grupodojoelho.com.br\/joca2025\/wp-content\/uploads\/2025\/03\/folder-celular-5-curso2025-final.jpg\" class=\"attachment-full size-full wp-image-2241\" alt=\"\" srcset=\"https:\/\/grupodojoelho.com.br\/joca2025\/wp-content\/uploads\/2025\/03\/folder-celular-5-curso2025-final.jpg 1080w, https:\/\/grupodojoelho.com.br\/joca2025\/wp-content\/uploads\/2025\/03\/folder-celular-5-curso2025-final-169x300.jpg 169w, https:\/\/grupodojoelho.com.br\/joca2025\/wp-content\/uploads\/2025\/03\/folder-celular-5-curso2025-final-576x1024.jpg 576w, https:\/\/grupodojoelho.com.br\/joca2025\/wp-content\/uploads\/2025\/03\/folder-celular-5-curso2025-final-768x1365.jpg 768w, https:\/\/grupodojoelho.com.br\/joca2025\/wp-content\/uploads\/2025\/03\/folder-celular-5-curso2025-final-864x1536.jpg 864w\" sizes=\"(max-width: 1080px) 100vw, 1080px\" \/>\t\t\t\t\t\t\t\t\t\t\t\t\t\t\t<\/div>\n\t\t\t\t<\/div>\n\t\t\t\t<div class=\"elementor-element elementor-element-cc64948 elementor-widget elementor-widget-image\" data-id=\"cc64948\" data-element_type=\"widget\" data-e-type=\"widget\" data-widget_type=\"image.default\">\n\t\t\t\t<div class=\"elementor-widget-container\">\n\t\t\t\t\t\t\t\t\t\t\t\t\t\t\t<img decoding=\"async\" width=\"1080\" height=\"1145\" src=\"https:\/\/grupodojoelho.com.br\/joca2025\/wp-content\/uploads\/2025\/03\/folder-celular-5-curso20252-final.jpg\" class=\"attachment-full size-full wp-image-2242\" alt=\"\" srcset=\"https:\/\/grupodojoelho.com.br\/joca2025\/wp-content\/uploads\/2025\/03\/folder-celular-5-curso20252-final.jpg 1080w, https:\/\/grupodojoelho.com.br\/joca2025\/wp-content\/uploads\/2025\/03\/folder-celular-5-curso20252-final-283x300.jpg 283w, https:\/\/grupodojoelho.com.br\/joca2025\/wp-content\/uploads\/2025\/03\/folder-celular-5-curso20252-final-966x1024.jpg 966w, https:\/\/grupodojoelho.com.br\/joca2025\/wp-content\/uploads\/2025\/03\/folder-celular-5-curso20252-final-768x814.jpg 768w\" sizes=\"(max-width: 1080px) 100vw, 1080px\" \/>\t\t\t\t\t\t\t\t\t\t\t\t\t\t\t<\/div>\n\t\t\t\t<\/div>\n\t\t\t\t\t<\/div>\n\t\t<\/div>\n\t\t\t\t<div class=\"elementor-column elementor-col-50 elementor-top-column elementor-element elementor-element-091dc1e\" data-id=\"091dc1e\" data-element_type=\"column\" data-e-type=\"column\" data-settings=\"{&quot;background_background&quot;:&quot;classic&quot;}\">\n\t\t\t<div class=\"elementor-widget-wrap elementor-element-populated\">\n\t\t\t\t\t\t<div class=\"elementor-element elementor-element-9046069 elementor-widget elementor-widget-image\" data-id=\"9046069\" data-element_type=\"widget\" data-e-type=\"widget\" data-widget_type=\"image.default\">\n\t\t\t\t<div class=\"elementor-widget-container\">\n\t\t\t\t\t\t\t\t\t\t\t\t\t\t\t<img loading=\"lazy\" decoding=\"async\" width=\"1080\" height=\"775\" src=\"https:\/\/grupodojoelho.com.br\/joca2025\/wp-content\/uploads\/2025\/03\/folder-celular-5-curso20253-final.jpg\" class=\"attachment-full size-full wp-image-2243\" alt=\"\" srcset=\"https:\/\/grupodojoelho.com.br\/joca2025\/wp-content\/uploads\/2025\/03\/folder-celular-5-curso20253-final.jpg 1080w, https:\/\/grupodojoelho.com.br\/joca2025\/wp-content\/uploads\/2025\/03\/folder-celular-5-curso20253-final-300x215.jpg 300w, https:\/\/grupodojoelho.com.br\/joca2025\/wp-content\/uploads\/2025\/03\/folder-celular-5-curso20253-final-1024x735.jpg 1024w, https:\/\/grupodojoelho.com.br\/joca2025\/wp-content\/uploads\/2025\/03\/folder-celular-5-curso20253-final-768x551.jpg 768w\" sizes=\"(max-width: 1080px) 100vw, 1080px\" \/>\t\t\t\t\t\t\t\t\t\t\t\t\t\t\t<\/div>\n\t\t\t\t<\/div>\n\t\t\t\t<div class=\"elementor-element elementor-element-4293920 elementor-widget elementor-widget-image\" data-id=\"4293920\" data-element_type=\"widget\" data-e-type=\"widget\" data-widget_type=\"image.default\">\n\t\t\t\t<div class=\"elementor-widget-container\">\n\t\t\t\t\t\t\t\t\t\t\t\t\t\t\t<img loading=\"lazy\" decoding=\"async\" width=\"1080\" height=\"1920\" src=\"https:\/\/grupodojoelho.com.br\/joca2025\/wp-content\/uploads\/2025\/03\/folder-celular-5-curso20254-final.jpg\" class=\"attachment-full size-full wp-image-2244\" alt=\"\" srcset=\"https:\/\/grupodojoelho.com.br\/joca2025\/wp-content\/uploads\/2025\/03\/folder-celular-5-curso20254-final.jpg 1080w, https:\/\/grupodojoelho.com.br\/joca2025\/wp-content\/uploads\/2025\/03\/folder-celular-5-curso20254-final-169x300.jpg 169w, https:\/\/grupodojoelho.com.br\/joca2025\/wp-content\/uploads\/2025\/03\/folder-celular-5-curso20254-final-576x1024.jpg 576w, https:\/\/grupodojoelho.com.br\/joca2025\/wp-content\/uploads\/2025\/03\/folder-celular-5-curso20254-final-768x1365.jpg 768w, https:\/\/grupodojoelho.com.br\/joca2025\/wp-content\/uploads\/2025\/03\/folder-celular-5-curso20254-final-864x1536.jpg 864w\" sizes=\"(max-width: 1080px) 100vw, 1080px\" \/>\t\t\t\t\t\t\t\t\t\t\t\t\t\t\t<\/div>\n\t\t\t\t<\/div>\n\t\t\t\t<div class=\"elementor-element elementor-element-4105a15 elementor-widget elementor-widget-image\" data-id=\"4105a15\" data-element_type=\"widget\" data-e-type=\"widget\" data-widget_type=\"image.default\">\n\t\t\t\t<div class=\"elementor-widget-container\">\n\t\t\t\t\t\t\t\t\t\t\t\t\t\t\t<img loading=\"lazy\" decoding=\"async\" width=\"1080\" height=\"1688\" src=\"https:\/\/grupodojoelho.com.br\/joca2025\/wp-content\/uploads\/2025\/03\/folder-celular-5-curso20255-final.jpg\" class=\"attachment-full size-full wp-image-2245\" alt=\"\" srcset=\"https:\/\/grupodojoelho.com.br\/joca2025\/wp-content\/uploads\/2025\/03\/folder-celular-5-curso20255-final.jpg 1080w, https:\/\/grupodojoelho.com.br\/joca2025\/wp-content\/uploads\/2025\/03\/folder-celular-5-curso20255-final-192x300.jpg 192w, https:\/\/grupodojoelho.com.br\/joca2025\/wp-content\/uploads\/2025\/03\/folder-celular-5-curso20255-final-655x1024.jpg 655w, https:\/\/grupodojoelho.com.br\/joca2025\/wp-content\/uploads\/2025\/03\/folder-celular-5-curso20255-final-768x1200.jpg 768w, https:\/\/grupodojoelho.com.br\/joca2025\/wp-content\/uploads\/2025\/03\/folder-celular-5-curso20255-final-983x1536.jpg 983w\" sizes=\"(max-width: 1080px) 100vw, 1080px\" \/>\t\t\t\t\t\t\t\t\t\t\t\t\t\t\t<\/div>\n\t\t\t\t<\/div>\n\t\t\t\t\t<\/div>\n\t\t<\/div>\n\t\t\t\t\t<\/div>\n\t\t<\/section>\n\t\t\t\t<\/div>\n\t\t","protected":false},"excerpt":{"rendered":"<p>Programa\u00e7\u00e3o Cient\u00edfica<\/p>\n","protected":false},"author":1,"featured_media":0,"parent":0,"menu_order":0,"comment_status":"closed","ping_status":"closed","template":"elementor_header_footer","meta":{"nf_dc_page":"","site-sidebar-layout":"no-sidebar","site-content-layout":"","ast-site-content-layout":"full-width-container","site-content-style":"default","site-sidebar-style":"default","ast-global-header-display":"","ast-banner-title-visibility":"","ast-main-header-display":"","ast-hfb-above-header-display":"","ast-hfb-below-header-display":"","ast-hfb-mobile-header-display":"","site-post-title":"disabled","ast-breadcrumbs-content":"","ast-featured-img":"disabled","footer-sml-layout":"","ast-disable-related-posts":"","theme-transparent-header-meta":"default","adv-header-id-meta":"","stick-header-meta":"","header-above-stick-meta":"","header-main-stick-meta":"","header-below-stick-meta":"","astra-migrate-meta-layouts":"set","ast-page-background-enabled":"default","ast-page-background-meta":{"desktop":{"background-color":"var(--ast-global-color-4)","background-image":"","background-repeat":"repeat","background-position":"center center","background-size":"auto","background-attachment":"scroll","background-type":"","background-media":"","overlay-type":"","overlay-color":"","overlay-opacity":"","overlay-gradient":""},"tablet":{"background-color":"","background-image":"","background-repeat":"repeat","background-position":"center center","background-size":"auto","background-attachment":"scroll","background-type":"","background-media":"","overlay-type":"","overlay-color":"","overlay-opacity":"","overlay-gradient":""},"mobile":{"background-color":"","background-image":"","background-repeat":"repeat","background-position":"center center","background-size":"auto","background-attachment":"scroll","background-type":"","background-media":"","overlay-type":"","overlay-color":"","overlay-opacity":"","overlay-gradient":""}},"ast-content-background-meta":{"desktop":{"background-color":"var(--ast-global-color-5)","background-image":"","background-repeat":"repeat","background-position":"center center","background-size":"auto","background-attachment":"scroll","background-type":"","background-media":"","overlay-type":"","overlay-color":"","overlay-opacity":"","overlay-gradient":""},"tablet":{"background-color":"var(--ast-global-color-5)","background-image":"","background-repeat":"repeat","background-position":"center center","background-size":"auto","background-attachment":"scroll","background-type":"","background-media":"","overlay-type":"","overlay-color":"","overlay-opacity":"","overlay-gradient":""},"mobile":{"background-color":"var(--ast-global-color-5)","background-image":"","background-repeat":"repeat","background-position":"center center","background-size":"auto","background-attachment":"scroll","background-type":"","background-media":"","overlay-type":"","overlay-color":"","overlay-opacity":"","overlay-gradient":""}},"footnotes":""},"class_list":["post-1165","page","type-page","status-publish","hentry"],"_links":{"self":[{"href":"https:\/\/grupodojoelho.com.br\/joca2025\/wp-json\/wp\/v2\/pages\/1165","targetHints":{"allow":["GET"]}}],"collection":[{"href":"https:\/\/grupodojoelho.com.br\/joca2025\/wp-json\/wp\/v2\/pages"}],"about":[{"href":"https:\/\/grupodojoelho.com.br\/joca2025\/wp-json\/wp\/v2\/types\/page"}],"author":[{"embeddable":true,"href":"https:\/\/grupodojoelho.com.br\/joca2025\/wp-json\/wp\/v2\/users\/1"}],"replies":[{"embeddable":true,"href":"https:\/\/grupodojoelho.com.br\/joca2025\/wp-json\/wp\/v2\/comments?post=1165"}],"version-history":[{"count":5,"href":"https:\/\/grupodojoelho.com.br\/joca2025\/wp-json\/wp\/v2\/pages\/1165\/revisions"}],"predecessor-version":[{"id":2291,"href":"https:\/\/grupodojoelho.com.br\/joca2025\/wp-json\/wp\/v2\/pages\/1165\/revisions\/2291"}],"wp:attachment":[{"href":"https:\/\/grupodojoelho.com.br\/joca2025\/wp-json\/wp\/v2\/media?parent=1165"}],"curies":[{"name":"wp","href":"https:\/\/api.w.org\/{rel}","templated":true}]}}