{"id":31,"date":"2022-07-31T18:12:04","date_gmt":"2022-07-31T18:12:04","guid":{"rendered":"https:\/\/grupodojoelho.com.br\/joca2023\/?page_id=31"},"modified":"2023-03-23T13:17:19","modified_gmt":"2023-03-23T13:17:19","slug":"convidados","status":"publish","type":"page","link":"https:\/\/grupodojoelho.com.br\/joca2023\/convidados\/","title":{"rendered":"CONVIDADOS"},"content":{"rendered":"\t\t<div data-elementor-type=\"wp-page\" data-elementor-id=\"31\" class=\"elementor elementor-31\">\n\t\t\t\t\t\t<section class=\"elementor-section elementor-top-section elementor-element elementor-element-e35e88b elementor-section-boxed elementor-section-height-default elementor-section-height-default\" data-id=\"e35e88b\" data-element_type=\"section\" data-e-type=\"section\">\n\t\t\t\t\t\t<div class=\"elementor-container elementor-column-gap-default\">\n\t\t\t\t\t<div class=\"elementor-column elementor-col-100 elementor-top-column elementor-element elementor-element-afa0584\" data-id=\"afa0584\" data-element_type=\"column\" data-e-type=\"column\">\n\t\t\t<div class=\"elementor-widget-wrap elementor-element-populated\">\n\t\t\t\t\t\t<div class=\"elementor-element elementor-element-4d89ac0 elementor-widget elementor-widget-heading\" data-id=\"4d89ac0\" data-element_type=\"widget\" data-e-type=\"widget\" data-widget_type=\"heading.default\">\n\t\t\t\t<div class=\"elementor-widget-container\">\n\t\t\t\t\t<h1 class=\"elementor-heading-title elementor-size-default\">Palestrantes Convidados<\/h1>\t\t\t\t<\/div>\n\t\t\t\t<\/div>\n\t\t\t\t\t<\/div>\n\t\t<\/div>\n\t\t\t\t\t<\/div>\n\t\t<\/section>\n\t\t\t\t<section class=\"elementor-section elementor-top-section elementor-element elementor-element-c6538aa elementor-section-stretched elementor-section-boxed elementor-section-height-default elementor-section-height-default\" data-id=\"c6538aa\" data-element_type=\"section\" data-e-type=\"section\" data-settings=\"{&quot;background_background&quot;:&quot;classic&quot;,&quot;stretch_section&quot;:&quot;section-stretched&quot;}\">\n\t\t\t\t\t\t<div class=\"elementor-container elementor-column-gap-default\">\n\t\t\t\t\t<div class=\"elementor-column elementor-col-50 elementor-top-column elementor-element elementor-element-3aec1e6\" data-id=\"3aec1e6\" data-element_type=\"column\" data-e-type=\"column\">\n\t\t\t<div class=\"elementor-widget-wrap elementor-element-populated\">\n\t\t\t\t\t\t<div class=\"elementor-element elementor-element-6aab052 elementor-widget elementor-widget-image\" data-id=\"6aab052\" data-element_type=\"widget\" data-e-type=\"widget\" data-widget_type=\"image.default\">\n\t\t\t\t<div class=\"elementor-widget-container\">\n\t\t\t\t\t\t\t\t\t\t\t\t\t\t\t<img decoding=\"async\" src=\"https:\/\/grupodojoelho.com.br\/joca2023\/wp-content\/uploads\/elementor\/thumbs\/cesar-rocha-q278bb1te4cxrhkar9pex4wuggw1ueh2tt4ohoa6o4.jpg\" title=\"cesar-rocha\" alt=\"dr c\u00e9sar rocha\" loading=\"lazy\" \/>\t\t\t\t\t\t\t\t\t\t\t\t\t\t\t<\/div>\n\t\t\t\t<\/div>\n\t\t\t\t<div class=\"elementor-element elementor-element-28e5881 elementor-widget elementor-widget-image\" data-id=\"28e5881\" data-element_type=\"widget\" data-e-type=\"widget\" data-widget_type=\"image.default\">\n\t\t\t\t<div class=\"elementor-widget-container\">\n\t\t\t\t\t\t\t\t\t\t\t\t\t\t\t<img decoding=\"async\" width=\"80\" height=\"60\" src=\"https:\/\/grupodojoelho.com.br\/joca2023\/wp-content\/uploads\/2023\/02\/bandeira-colombia.png\" class=\"attachment-large size-large wp-image-668\" alt=\"\" \/>\t\t\t\t\t\t\t\t\t\t\t\t\t\t\t<\/div>\n\t\t\t\t<\/div>\n\t\t\t\t\t<\/div>\n\t\t<\/div>\n\t\t\t\t<div class=\"elementor-column elementor-col-50 elementor-top-column elementor-element elementor-element-46e7cee\" data-id=\"46e7cee\" data-element_type=\"column\" data-e-type=\"column\">\n\t\t\t<div class=\"elementor-widget-wrap elementor-element-populated\">\n\t\t\t\t\t\t<div class=\"elementor-element elementor-element-12c96f0 elementor-widget elementor-widget-text-editor\" data-id=\"12c96f0\" data-element_type=\"widget\" data-e-type=\"widget\" data-widget_type=\"text-editor.default\">\n\t\t\t\t<div class=\"elementor-widget-container\">\n\t\t\t\t\t\t\t\t\t<h4 style=\"text-align: left;\">Dr. C\u00e9sar Rocha<br>\nCol\u00f4mbia<\/h4>\t\t\t\t\t\t\t\t<\/div>\n\t\t\t\t<\/div>\n\t\t\t\t<div class=\"elementor-element elementor-element-ce0851a elementor-widget elementor-widget-text-editor\" data-id=\"ce0851a\" data-element_type=\"widget\" data-e-type=\"widget\" data-widget_type=\"text-editor.default\">\n\t\t\t\t<div class=\"elementor-widget-container\">\n\t\t\t\t\t\t\t\t\t<p>Especialista em Ortopedia e Traumatologia pela Universidad del Rosario, Bogot\u00e1.<br \/>Cirurgi\u00e3o de joelho com especializa\u00e7\u00e3o em artroplastias e artroscopias do joelho pela Flinders University, Austr\u00e1lia. <br \/>Professor universit\u00e1rio da c\u00e1tedra de Joelho dos programas de Ortopedia e Traumatologia da University Foundation of Health Sciences (FUCS) e da Universidad del Bosque. Atua tamb\u00e9m como professor do curso de p\u00f3s-gradua\u00e7\u00e3o em Joelho da FUCS. <br \/>Chefe do servi\u00e7o de Ortopedia e Traumatologia da Funda\u00e7\u00e3o Cardio-Infantil, ao qual dedica parte de sua atua\u00e7\u00e3o profissional, e tamb\u00e9m \u00e9 Coordenador do grupo de substitui\u00e7\u00e3o articular do Los Cobos Medical Center. <br \/>Palestrante nacional e internacional em v\u00e1rias confer\u00eancias e cursos de joelho na Europa e na Am\u00e9rica. <br \/>Membro titular da Sociedade Colombiana de Ortopedia e Traumatologia.<br \/>Ex-presidente da Sociedade Colombiana de Cirurgi\u00f5es de Quadril e Joelho e ex-secret\u00e1rio da Sociedade Colombiana de Artroscopia e Medicina Esportiva. <br \/>Membro internacional da AAHKS, AAOS e ICM da PJI.<\/p>\t\t\t\t\t\t\t\t<\/div>\n\t\t\t\t<\/div>\n\t\t\t\t\t<\/div>\n\t\t<\/div>\n\t\t\t\t\t<\/div>\n\t\t<\/section>\n\t\t\t\t<section class=\"elementor-section elementor-top-section elementor-element elementor-element-3775e3d elementor-section-stretched elementor-section-boxed elementor-section-height-default elementor-section-height-default\" data-id=\"3775e3d\" data-element_type=\"section\" data-e-type=\"section\" data-settings=\"{&quot;stretch_section&quot;:&quot;section-stretched&quot;}\">\n\t\t\t\t\t\t<div class=\"elementor-container elementor-column-gap-default\">\n\t\t\t\t\t<div class=\"elementor-column elementor-col-50 elementor-top-column elementor-element elementor-element-54d1cde\" data-id=\"54d1cde\" data-element_type=\"column\" data-e-type=\"column\">\n\t\t\t<div class=\"elementor-widget-wrap elementor-element-populated\">\n\t\t\t\t\t\t<div class=\"elementor-element elementor-element-184d986 elementor-widget elementor-widget-text-editor\" data-id=\"184d986\" data-element_type=\"widget\" data-e-type=\"widget\" data-widget_type=\"text-editor.default\">\n\t\t\t\t<div class=\"elementor-widget-container\">\n\t\t\t\t\t\t\t\t\t<h4 style=\"text-align: left;\">Dr. Federico Manfrin<br \/>Argentina<\/h4>\t\t\t\t\t\t\t\t<\/div>\n\t\t\t\t<\/div>\n\t\t\t\t<div class=\"elementor-element elementor-element-160b7ca elementor-widget elementor-widget-text-editor\" data-id=\"160b7ca\" data-element_type=\"widget\" data-e-type=\"widget\" data-widget_type=\"text-editor.default\">\n\t\t\t\t<div class=\"elementor-widget-container\">\n\t\t\t\t\t\t\t\t\t<p>Membro titular da Associa\u00e7\u00e3o Argentina de Ortopedia e Traumatologia.<br \/>Atual membro do Conselho de Administra\u00e7\u00e3o da AAOT.<br \/>Membro titular da ACARO (Association for the Study of Hip and Knee).<br \/>Especialista credenciado pela ACARO em Cirurgia Reconstrutiva de Quadril e Joelho.<br \/>Membro internacional SLAOT.<br \/>Membro internacional SLARD.<br \/>Membro Internacional AAOS.<br \/>In\u00fameras publica\u00e7\u00f5es nacionais e internacionais sobre Cirurgia de Reconstru\u00e7\u00e3o Articular.<\/p>\t\t\t\t\t\t\t\t<\/div>\n\t\t\t\t<\/div>\n\t\t\t\t\t<\/div>\n\t\t<\/div>\n\t\t\t\t<div class=\"elementor-column elementor-col-50 elementor-top-column elementor-element elementor-element-f1c883f\" data-id=\"f1c883f\" data-element_type=\"column\" data-e-type=\"column\">\n\t\t\t<div class=\"elementor-widget-wrap elementor-element-populated\">\n\t\t\t\t\t\t<div class=\"elementor-element elementor-element-ea57c94 elementor-widget elementor-widget-image\" data-id=\"ea57c94\" data-element_type=\"widget\" data-e-type=\"widget\" data-widget_type=\"image.default\">\n\t\t\t\t<div class=\"elementor-widget-container\">\n\t\t\t\t\t\t\t\t\t\t\t\t\t\t\t<img decoding=\"async\" src=\"https:\/\/grupodojoelho.com.br\/joca2023\/wp-content\/uploads\/elementor\/thumbs\/federico-gustavo-manfrin-q278bbznkye833ixls41hmob1urf23kt5xs5yy8shw.jpg\" title=\"federico-gustavo-manfrin\" alt=\"dr federico gustavo mangrin\" loading=\"lazy\" \/>\t\t\t\t\t\t\t\t\t\t\t\t\t\t\t<\/div>\n\t\t\t\t<\/div>\n\t\t\t\t<div class=\"elementor-element elementor-element-9133b6d elementor-widget elementor-widget-image\" data-id=\"9133b6d\" data-element_type=\"widget\" data-e-type=\"widget\" data-widget_type=\"image.default\">\n\t\t\t\t<div class=\"elementor-widget-container\">\n\t\t\t\t\t\t\t\t\t\t\t\t\t\t\t<img decoding=\"async\" width=\"80\" height=\"61\" src=\"https:\/\/grupodojoelho.com.br\/joca2023\/wp-content\/uploads\/2023\/02\/bandeira-argentina.png\" class=\"attachment-large size-large wp-image-666\" alt=\"\" \/>\t\t\t\t\t\t\t\t\t\t\t\t\t\t\t<\/div>\n\t\t\t\t<\/div>\n\t\t\t\t\t<\/div>\n\t\t<\/div>\n\t\t\t\t\t<\/div>\n\t\t<\/section>\n\t\t\t\t<section class=\"elementor-section elementor-top-section elementor-element elementor-element-e3219ce elementor-section-stretched elementor-section-boxed elementor-section-height-default elementor-section-height-default\" data-id=\"e3219ce\" data-element_type=\"section\" data-e-type=\"section\" data-settings=\"{&quot;background_background&quot;:&quot;classic&quot;,&quot;stretch_section&quot;:&quot;section-stretched&quot;}\">\n\t\t\t\t\t\t<div class=\"elementor-container elementor-column-gap-default\">\n\t\t\t\t\t<div class=\"elementor-column elementor-col-50 elementor-top-column elementor-element elementor-element-e86aced\" data-id=\"e86aced\" data-element_type=\"column\" data-e-type=\"column\">\n\t\t\t<div class=\"elementor-widget-wrap elementor-element-populated\">\n\t\t\t\t\t\t<div class=\"elementor-element elementor-element-4229cbf elementor-widget elementor-widget-image\" data-id=\"4229cbf\" data-element_type=\"widget\" data-e-type=\"widget\" data-widget_type=\"image.default\">\n\t\t\t\t<div class=\"elementor-widget-container\">\n\t\t\t\t\t\t\t\t\t\t\t\t\t\t\t<img decoding=\"async\" src=\"https:\/\/grupodojoelho.com.br\/joca2023\/wp-content\/uploads\/elementor\/thumbs\/Rafael-Calvo-q278bcxhrsfiephkgaio24frn8ms9soji2fng87ebo.jpg\" title=\"Agency Advisory Group Photo\" alt=\"dr rafael calvo\" loading=\"lazy\" \/>\t\t\t\t\t\t\t\t\t\t\t\t\t\t\t<\/div>\n\t\t\t\t<\/div>\n\t\t\t\t<div class=\"elementor-element elementor-element-e4f3e81 elementor-widget elementor-widget-image\" data-id=\"e4f3e81\" data-element_type=\"widget\" data-e-type=\"widget\" data-widget_type=\"image.default\">\n\t\t\t\t<div class=\"elementor-widget-container\">\n\t\t\t\t\t\t\t\t\t\t\t\t\t\t\t<img decoding=\"async\" width=\"80\" height=\"62\" src=\"https:\/\/grupodojoelho.com.br\/joca2023\/wp-content\/uploads\/2023\/02\/bandeira-chile.png\" class=\"attachment-large size-large wp-image-667\" alt=\"\" \/>\t\t\t\t\t\t\t\t\t\t\t\t\t\t\t<\/div>\n\t\t\t\t<\/div>\n\t\t\t\t\t<\/div>\n\t\t<\/div>\n\t\t\t\t<div class=\"elementor-column elementor-col-50 elementor-top-column elementor-element elementor-element-d3da80a\" data-id=\"d3da80a\" data-element_type=\"column\" data-e-type=\"column\">\n\t\t\t<div class=\"elementor-widget-wrap elementor-element-populated\">\n\t\t\t\t\t\t<div class=\"elementor-element elementor-element-154b7b7 elementor-widget elementor-widget-text-editor\" data-id=\"154b7b7\" data-element_type=\"widget\" data-e-type=\"widget\" data-widget_type=\"text-editor.default\">\n\t\t\t\t<div class=\"elementor-widget-container\">\n\t\t\t\t\t\t\t\t\t<h4 style=\"text-align: left;\">Dr. Rafael Calvo<br \/>Chile<\/h4>\t\t\t\t\t\t\t\t<\/div>\n\t\t\t\t<\/div>\n\t\t\t\t<div class=\"elementor-element elementor-element-560e4cc elementor-widget elementor-widget-text-editor\" data-id=\"560e4cc\" data-element_type=\"widget\" data-e-type=\"widget\" data-widget_type=\"text-editor.default\">\n\t\t\t\t<div class=\"elementor-widget-container\">\n\t\t\t\t\t\t\t\t\t<p>Professor da Faculdade de Medicina Universidad del Desarrollo.<br \/>Traumatologista do Grupo do Joelho da Cl\u00ednica Alem\u00e3.<br \/>Chefe do Banco de Tecidos da Cl\u00ednica Alem\u00e3.<br \/>Coordenador editorial da Revista Chilena de Ortopedia e Traumatologia.<br \/>Editor associado da revista da Associa\u00e7\u00e3o Argentina e SLARD.<br \/>Editor de Traumatologia da Revista Chilena de Medicina.<br \/>Secret\u00e1rio SLARD 2018-2019.<br \/>Mais de 130 publica\u00e7\u00f5es em Ortopedia e Traumatologia.<br \/>Instrutor Stryker Am\u00e9rica Latina.<br \/>Instrutor Smith &amp; Nephew Am\u00e9rica Latina.<br \/>Instrutor ConMed Am\u00e9rica Latina.<\/p>\t\t\t\t\t\t\t\t<\/div>\n\t\t\t\t<\/div>\n\t\t\t\t\t<\/div>\n\t\t<\/div>\n\t\t\t\t\t<\/div>\n\t\t<\/section>\n\t\t\t\t<section class=\"elementor-section elementor-top-section elementor-element elementor-element-431ac8d elementor-section-stretched elementor-section-boxed elementor-section-height-default elementor-section-height-default\" data-id=\"431ac8d\" data-element_type=\"section\" data-e-type=\"section\" data-settings=\"{&quot;stretch_section&quot;:&quot;section-stretched&quot;}\">\n\t\t\t\t\t\t<div class=\"elementor-container elementor-column-gap-default\">\n\t\t\t\t\t<div class=\"elementor-column elementor-col-50 elementor-top-column elementor-element elementor-element-87691c4\" data-id=\"87691c4\" data-element_type=\"column\" data-e-type=\"column\">\n\t\t\t<div class=\"elementor-widget-wrap elementor-element-populated\">\n\t\t\t\t\t\t<div class=\"elementor-element elementor-element-c832e41 elementor-widget elementor-widget-text-editor\" data-id=\"c832e41\" data-element_type=\"widget\" data-e-type=\"widget\" data-widget_type=\"text-editor.default\">\n\t\t\t\t<div class=\"elementor-widget-container\">\n\t\t\t\t\t\t\t\t\t<h4 style=\"text-align: left;\">Dr. Rodrigo Maestu<br \/>Argentina<\/h4>\t\t\t\t\t\t\t\t<\/div>\n\t\t\t\t<\/div>\n\t\t\t\t<div class=\"elementor-element elementor-element-bee2fcf elementor-widget elementor-widget-text-editor\" data-id=\"bee2fcf\" data-element_type=\"widget\" data-e-type=\"widget\" data-widget_type=\"text-editor.default\">\n\t\t\t\t<div class=\"elementor-widget-container\">\n\t\t\t\t\t\t\t\t\t<p>Presidente da Sociedade Latino-Americana de Artroscopia, Joelho e Esportes (SLARD) 2022-2024.<br \/>Membro Geral do Conselho de Administra\u00e7\u00e3o ISAKOS 2021-2024.<br \/>Membro do Conselho de Administra\u00e7\u00e3o da Revista ISAKOS (Jibot) 2021-2023.<br \/>Membro do Comit\u00ea de Bolsas de Viagem ISAKOS 2021-2025.<br \/>Membro do Comit\u00ea de Artroplastia do Joelho da ISAKOS 2017-2025.<br \/>Instrutor de Residentes no Hospital Municipal B. Rivadavia.<br \/>Instrutor do Curso Anual de Especializa\u00e7\u00e3o em Cirurgia Artrosc\u00f3pica da Associa\u00e7\u00e3o Argentina de Artroscopia \u2013 2000 at\u00e9 hoje.<br \/>Auxiliar Honor\u00e1rio da Classe de Ortopedia e Traumatologia e da Classe de Pediatria do Hospital Municipal B. Rivadavia \u2013 1993 at\u00e9 hoje.<br \/>Instrutor do Curso Anual de Especializa\u00e7\u00e3o em Cirurgia Artrosc\u00f3pica na Associa\u00e7\u00e3o Argentina de Artroscopia<br \/>Especialista em Ortopedia e Traumatologia pela Academia Nacional de Medicina.<br \/>Especializa\u00e7\u00e3o em Ortopedia e Traumatologia pela Associa\u00e7\u00e3o Argentina de Ortopedia e Traumatologia.<\/p>\t\t\t\t\t\t\t\t<\/div>\n\t\t\t\t<\/div>\n\t\t\t\t\t<\/div>\n\t\t<\/div>\n\t\t\t\t<div class=\"elementor-column elementor-col-50 elementor-top-column elementor-element elementor-element-fdc2e98\" data-id=\"fdc2e98\" data-element_type=\"column\" data-e-type=\"column\">\n\t\t\t<div class=\"elementor-widget-wrap elementor-element-populated\">\n\t\t\t\t\t\t<div class=\"elementor-element elementor-element-3e1142f elementor-widget elementor-widget-image\" data-id=\"3e1142f\" data-element_type=\"widget\" data-e-type=\"widget\" data-widget_type=\"image.default\">\n\t\t\t\t<div class=\"elementor-widget-container\">\n\t\t\t\t\t\t\t\t\t\t\t\t\t\t\t<img decoding=\"async\" src=\"https:\/\/grupodojoelho.com.br\/joca2023\/wp-content\/uploads\/elementor\/thumbs\/rodrigo-maestu-q278bdvbymgsqbg7asxamm788mi5hhs9u734xi605g.jpg\" title=\"rodrigo-maestu\" alt=\"rodrigo-maestu\" loading=\"lazy\" \/>\t\t\t\t\t\t\t\t\t\t\t\t\t\t\t<\/div>\n\t\t\t\t<\/div>\n\t\t\t\t<div class=\"elementor-element elementor-element-700fe31 elementor-widget elementor-widget-image\" data-id=\"700fe31\" data-element_type=\"widget\" data-e-type=\"widget\" data-widget_type=\"image.default\">\n\t\t\t\t<div class=\"elementor-widget-container\">\n\t\t\t\t\t\t\t\t\t\t\t\t\t\t\t<img decoding=\"async\" width=\"80\" height=\"61\" src=\"https:\/\/grupodojoelho.com.br\/joca2023\/wp-content\/uploads\/2023\/02\/bandeira-argentina.png\" class=\"attachment-large size-large wp-image-666\" alt=\"\" \/>\t\t\t\t\t\t\t\t\t\t\t\t\t\t\t<\/div>\n\t\t\t\t<\/div>\n\t\t\t\t\t<\/div>\n\t\t<\/div>\n\t\t\t\t\t<\/div>\n\t\t<\/section>\n\t\t\t\t<\/div>\n\t\t","protected":false},"excerpt":{"rendered":"<p>Palestrantes Convidados Dr. C\u00e9sar Rocha Col\u00f4mbia Especialista em Ortopedia e Traumatologia pela Universidad del Rosario, Bogot\u00e1.Cirurgi\u00e3o de joelho com especializa\u00e7\u00e3o em artroplastias e artroscopias do joelho pela Flinders University, Austr\u00e1lia. Professor universit\u00e1rio da c\u00e1tedra de Joelho dos programas de Ortopedia e Traumatologia da University Foundation of Health Sciences (FUCS) e da Universidad del Bosque. Atua [&hellip;]<\/p>\n","protected":false},"author":1,"featured_media":0,"parent":0,"menu_order":0,"comment_status":"closed","ping_status":"closed","template":"","meta":{"site-sidebar-layout":"no-sidebar","site-content-layout":"page-builder","ast-site-content-layout":"","site-content-style":"default","site-sidebar-style":"default","ast-global-header-display":"","ast-banner-title-visibility":"","ast-main-header-display":"","ast-hfb-above-header-display":"","ast-hfb-below-header-display":"","ast-hfb-mobile-header-display":"","site-post-title":"disabled","ast-breadcrumbs-content":"","ast-featured-img":"disabled","footer-sml-layout":"","theme-transparent-header-meta":"default","adv-header-id-meta":"","stick-header-meta":"","header-above-stick-meta":"","header-main-stick-meta":"","header-below-stick-meta":"","astra-migrate-meta-layouts":"default","ast-page-background-enabled":"default","ast-page-background-meta":{"desktop":{"background-color":"var(--ast-global-color-4)","background-image":"","background-repeat":"repeat","background-position":"center center","background-size":"auto","background-attachment":"scroll","background-type":"","background-media":"","overlay-type":"","overlay-color":"","overlay-opacity":"","overlay-gradient":""},"tablet":{"background-color":"","background-image":"","background-repeat":"repeat","background-position":"center center","background-size":"auto","background-attachment":"scroll","background-type":"","background-media":"","overlay-type":"","overlay-color":"","overlay-opacity":"","overlay-gradient":""},"mobile":{"background-color":"","background-image":"","background-repeat":"repeat","background-position":"center center","background-size":"auto","background-attachment":"scroll","background-type":"","background-media":"","overlay-type":"","overlay-color":"","overlay-opacity":"","overlay-gradient":""}},"ast-content-background-meta":{"desktop":{"background-color":"var(--ast-global-color-5)","background-image":"","background-repeat":"repeat","background-position":"center center","background-size":"auto","background-attachment":"scroll","background-type":"","background-media":"","overlay-type":"","overlay-color":"","overlay-opacity":"","overlay-gradient":""},"tablet":{"background-color":"var(--ast-global-color-5)","background-image":"","background-repeat":"repeat","background-position":"center center","background-size":"auto","background-attachment":"scroll","background-type":"","background-media":"","overlay-type":"","overlay-color":"","overlay-opacity":"","overlay-gradient":""},"mobile":{"background-color":"var(--ast-global-color-5)","background-image":"","background-repeat":"repeat","background-position":"center center","background-size":"auto","background-attachment":"scroll","background-type":"","background-media":"","overlay-type":"","overlay-color":"","overlay-opacity":"","overlay-gradient":""}},"footnotes":""},"class_list":["post-31","page","type-page","status-publish","hentry"],"_links":{"self":[{"href":"https:\/\/grupodojoelho.com.br\/joca2023\/wp-json\/wp\/v2\/pages\/31","targetHints":{"allow":["GET"]}}],"collection":[{"href":"https:\/\/grupodojoelho.com.br\/joca2023\/wp-json\/wp\/v2\/pages"}],"about":[{"href":"https:\/\/grupodojoelho.com.br\/joca2023\/wp-json\/wp\/v2\/types\/page"}],"author":[{"embeddable":true,"href":"https:\/\/grupodojoelho.com.br\/joca2023\/wp-json\/wp\/v2\/users\/1"}],"replies":[{"embeddable":true,"href":"https:\/\/grupodojoelho.com.br\/joca2023\/wp-json\/wp\/v2\/comments?post=31"}],"version-history":[{"count":196,"href":"https:\/\/grupodojoelho.com.br\/joca2023\/wp-json\/wp\/v2\/pages\/31\/revisions"}],"predecessor-version":[{"id":1434,"href":"https:\/\/grupodojoelho.com.br\/joca2023\/wp-json\/wp\/v2\/pages\/31\/revisions\/1434"}],"wp:attachment":[{"href":"https:\/\/grupodojoelho.com.br\/joca2023\/wp-json\/wp\/v2\/media?parent=31"}],"curies":[{"name":"wp","href":"https:\/\/api.w.org\/{rel}","templated":true}]}}